{"id":39,"date":"2014-01-08T00:44:50","date_gmt":"2014-01-07T23:44:50","guid":{"rendered":"http:\/\/wsc.pk.edu.pl\/?page_id=39"},"modified":"2022-04-20T07:53:21","modified_gmt":"2022-04-20T05:53:21","slug":"kontakt","status":"publish","type":"page","link":"https:\/\/wsc.pk.edu.pl\/?page_id=39","title":{"rendered":"Kontakt"},"content":{"rendered":"<p>Konkurs &#8222;Wn\u0119trze, \u015awiat\u0142o, Cie\u0144&#8230;&#8221;<\/p>\n<p>Katedra Kszta\u0142towania \u015arodowiska Mieszkaniowego,<\/p>\n<p>Politechnika Krakowska, Wydzia\u0142 Architektury,<\/p>\n<p>ul.\u00a0Podchor\u0105\u017cych 1, 30-084 Krak\u00f3w.<\/p>\n<p>&nbsp;<\/p>\n<p>Informacje dotycz\u0105ce konkursu mo\u017cna uzyska\u0107 pod numerem telefonu 012\u00a0628\u00a020\u00a022.<\/p>\n<p>Komisarz konkursu: Patrycja Haupt<\/p>\n<p>email: wsc@pk.edu.pl<\/p>\n<p>&nbsp;<\/p>\n","protected":false},"excerpt":{"rendered":"<p>Konkurs &#8222;Wn\u0119trze, \u015awiat\u0142o, Cie\u0144&#8230;&#8221; Katedra Kszta\u0142towania \u015arodowiska Mieszkaniowego, Politechnika Krakowska, Wydzia\u0142 Architektury, ul.\u00a0Podchor\u0105\u017cych 1, 30-084 Krak\u00f3w. &nbsp; Informacje dotycz\u0105ce konkursu mo\u017cna uzyska\u0107 pod numerem telefonu 012\u00a0628\u00a020\u00a022. Komisarz konkursu: Patrycja Haupt &hellip;<\/p>\n","protected":false},"author":2,"featured_media":0,"parent":0,"menu_order":0,"comment_status":"closed","ping_status":"open","template":"","meta":{"footnotes":""},"class_list":["post-39","page","type-page","status-publish","hentry"],"_links":{"self":[{"href":"https:\/\/wsc.pk.edu.pl\/index.php?rest_route=\/wp\/v2\/pages\/39","targetHints":{"allow":["GET"]}}],"collection":[{"href":"https:\/\/wsc.pk.edu.pl\/index.php?rest_route=\/wp\/v2\/pages"}],"about":[{"href":"https:\/\/wsc.pk.edu.pl\/index.php?rest_route=\/wp\/v2\/types\/page"}],"author":[{"embeddable":true,"href":"https:\/\/wsc.pk.edu.pl\/index.php?rest_route=\/wp\/v2\/users\/2"}],"replies":[{"embeddable":true,"href":"https:\/\/wsc.pk.edu.pl\/index.php?rest_route=%2Fwp%2Fv2%2Fcomments&post=39"}],"version-history":[{"count":4,"href":"https:\/\/wsc.pk.edu.pl\/index.php?rest_route=\/wp\/v2\/pages\/39\/revisions"}],"predecessor-version":[{"id":303,"href":"https:\/\/wsc.pk.edu.pl\/index.php?rest_route=\/wp\/v2\/pages\/39\/revisions\/303"}],"wp:attachment":[{"href":"https:\/\/wsc.pk.edu.pl\/index.php?rest_route=%2Fwp%2Fv2%2Fmedia&parent=39"}],"curies":[{"name":"wp","href":"https:\/\/api.w.org\/{rel}","templated":true}]}}