{"id":31,"date":"2014-01-08T00:35:04","date_gmt":"2014-01-07T23:35:04","guid":{"rendered":"http:\/\/wsc.pk.edu.pl\/?page_id=31"},"modified":"2026-04-30T14:32:16","modified_gmt":"2026-04-30T12:32:16","slug":"zgloszenia","status":"publish","type":"page","link":"https:\/\/wsc.pk.edu.pl\/?page_id=31","title":{"rendered":"Zg\u0142oszenia"},"content":{"rendered":"\n<p>Zg\u0142oszenia uczestnik\u00f3w dla prac startuj\u0105cych w konkursie b\u0119d\u0105 przyjmowane drog\u0105 internetow\u0105. Na pracach nie mog\u0105 pojawi\u0107 si\u0119 dane wskazuj\u0105ce w jakikolwiek spos\u00f3b na autora pracy. Ka\u017cd\u0105 plansz\u0119 oraz opis nale\u017cy oznaczy\u0107 numerem kodowym w postaci dowolnie wybranych 6 cyfr.<\/p>\n\n\n\n<p>Pe\u0142ne zg\u0142oszenie projektu sk\u0142ada si\u0119 z plansz (w formacie pdf i jpg).<\/p>\n\n\n\n<p><b>Plansze nale\u017cy wys\u0142a\u0107 w formie elektronicznej\u00a0<\/b>za pomoc\u0105 formularza dost\u0119pnego pod adresem: \u00a0<\/p>\n\n\n\n<p><a href=\"https:\/\/forms.gle\/pR6TvhiuwDbgT9N47\" data-type=\"link\" data-id=\"https:\/\/forms.gle\/pR6TvhiuwDbgT9N47\">https:\/\/forms.gle\/pR6TvhiuwDbgT9N47<\/a> <\/p>\n\n\n\n<p>Przes\u0142anie pracy z numerem kodowym jest r\u00f3wnoznaczne ze zg\u0142oszeniem.<\/p>\n\n\n\n<p>\u00a0Informacje na temat konkursu: wsc@pk.edu.pl lub\u00a0pod numerem telefonu 012\u00a0628\u00a020\u00a022.<\/p>\n\n\n\n<p>&nbsp;<\/p>\n\n\n\n<p>Materia\u0142y do projektowania mo\u017cna znale\u017a\u0107 na nast\u0119puj\u0105cych stronach internetowych:<\/p>\n\n\n\n<p><i><a href=\"https:\/\/www.fagerhult.com\/pl\/\">www.fagerhult.com\/pl<\/a><\/i><\/p>\n\n\n\n<p><a href=\"https:\/\/comforty.pl\/salon-warszawa-srodmiescie\/\" data-type=\"link\" data-id=\"https:\/\/comforty.pl\/salon-warszawa-srodmiescie\/\"><em>https:\/\/comforty.pl\/salon-warszawa-srodmiescie\/<\/em><\/a><\/p>\n\n\n\n<p><\/p>\n","protected":false},"excerpt":{"rendered":"<p>Zg\u0142oszenia uczestnik\u00f3w dla prac startuj\u0105cych w konkursie b\u0119d\u0105 przyjmowane drog\u0105 internetow\u0105. Na pracach nie mog\u0105 pojawi\u0107 si\u0119 dane wskazuj\u0105ce w jakikolwiek spos\u00f3b na autora pracy. Ka\u017cd\u0105 plansz\u0119 oraz opis nale\u017cy &hellip;<\/p>\n","protected":false},"author":2,"featured_media":0,"parent":0,"menu_order":0,"comment_status":"closed","ping_status":"open","template":"","meta":{"footnotes":""},"class_list":["post-31","page","type-page","status-publish","hentry"],"_links":{"self":[{"href":"https:\/\/wsc.pk.edu.pl\/index.php?rest_route=\/wp\/v2\/pages\/31","targetHints":{"allow":["GET"]}}],"collection":[{"href":"https:\/\/wsc.pk.edu.pl\/index.php?rest_route=\/wp\/v2\/pages"}],"about":[{"href":"https:\/\/wsc.pk.edu.pl\/index.php?rest_route=\/wp\/v2\/types\/page"}],"author":[{"embeddable":true,"href":"https:\/\/wsc.pk.edu.pl\/index.php?rest_route=\/wp\/v2\/users\/2"}],"replies":[{"embeddable":true,"href":"https:\/\/wsc.pk.edu.pl\/index.php?rest_route=%2Fwp%2Fv2%2Fcomments&post=31"}],"version-history":[{"count":30,"href":"https:\/\/wsc.pk.edu.pl\/index.php?rest_route=\/wp\/v2\/pages\/31\/revisions"}],"predecessor-version":[{"id":428,"href":"https:\/\/wsc.pk.edu.pl\/index.php?rest_route=\/wp\/v2\/pages\/31\/revisions\/428"}],"wp:attachment":[{"href":"https:\/\/wsc.pk.edu.pl\/index.php?rest_route=%2Fwp%2Fv2%2Fmedia&parent=31"}],"curies":[{"name":"wp","href":"https:\/\/api.w.org\/{rel}","templated":true}]}}